653840?
True
Does 15 divide 104900055?
True
Is 3 a factor of 2902670?
False
Is 67203114 a multiple of 57?
True
Is 94 a factor of 19673824?
True
Is 3 a factor of 1794947?
False
Is 318 a factor of 63170156?
False
Is 520568099 a multiple of 893?
True
Does 190 divide 966146198?
False
Does 2120 divide 99184200?
True
Is 11794488 a multiple of 10?
False
Is 823 a factor of 69112493?
False
Does 103 divide 11851538?
False
Is 21 a factor of 3468982811?
False
Does 416 divide 284499488?
True
Does 6 divide 201537108?
True
Is 88 a factor of 127815688?
True
Does 28 divide 3302531368?
False
Does 54 divide 886313448?
True
Is 337 a factor of 87918582?
True
Is 187 a factor of 242503018?
False
Is 77070500 a multiple of 4?
True
Is 46819097 a multiple of 13?
True
Is 4231 a factor of 865870296?
False
Does 28 divide 1198546524?
True
Is 391 a factor of 26455070?
False
Does 9 divide 992112021?
True
Is 279640021 a multiple of 12?
False
Is 887450437 a multiple of 10?
False
Does 9 divide 61122564?
True
Does 3 divide 123897903?
True
Is 13 a factor of 3921224996?
True
Is 5 a factor of 2513124?
False
Is 4 a factor of 1381120100?
True
Does 253 divide 33285749?
False
Does 1191 divide 219821679?
True
Is 46 a factor of 41915938?
False
Does 1096 divide 367166576?
True
Does 1601 divide 530568198?
True
Is 41704650 a multiple of 650?
True
Is 159293816 a multiple of 3?
False
Is 5995 a factor of 797093085?
False
Is 3400996545 a multiple of 15?
True
Does 2006 divide 675857619?
False
Is 158996800 a multiple of 200?
True
Is 20354425 a multiple of 325?
True
Is 82 a factor of 142394886?
True
Is 1114 a factor of 99225094?
True
Does 810 divide 29064420?
True
Is 22700521 a multiple of 163?
True
Does 6625 divide 844524159?
False
Is 139602694 a multiple of 638?
True
Is 117 a factor of 133326648?
True
Is 55337940 a multiple of 210?
True
Is 4327152200 a multiple of 35?
True
Is 14 a factor of 34614048?
True
Is 13 a factor of 16936660?
True
Is 495793338 a multiple of 493?
True
Is 148803595 a multiple of 28?
False
Does 6 divide 10011216?
True
Does 1954 divide 51581441?
False
Is 99248964 a multiple of 474?
True
Does 4 divide 14731713?
False
Is 10393 a factor of 916818495?
True
Is 243 a factor of 9780073?
False
Is 5445157 a multiple of 11?
False
Is 129342984 a multiple of 97?
False
Is 100 a factor of 272163423?
False
Does 89 divide 5973146?
True
Is 8342302404 a multiple of 59?
True
Is 104967864 a multiple of 14?
False
Does 314 divide 13213748?
True
Is 9 a factor of 78135663?
False
Is 11550211 a multiple of 145?
False
Is 8241126 a multiple of 888?
False
Is 39 a factor of 602768010?
True
Does 6 divide 7325964?
True
Is 92532164 a multiple of 173?
True
Is 7741930 a multiple of 70?
True
Is 3779 a factor of 85121975?
True
Is 961 a factor of 73145541?
False
Does 383 divide 64165310?
False
Is 58544600 a multiple of 2056?
True
Is 37 a factor of 15716103?
False
Is 17 a factor of 103911140?
True
Is 9 a factor of 204107?
False
Is 11003750 a multiple of 10?
True
Is 153542556 a multiple of 1578?
True
Does 1439 divide 29803971?
False
Is 6575312 a multiple of 4?
True
Is 1301293090 a multiple of 86?
True
Is 1560 a factor of 336862414?
False
Is 63819449 a multiple of 466?
False
Is 10304450 a multiple of 1079?
True
Does 151 divide 226025256?
True
Is 271 a factor of 455091999?
False
Is 10 a factor of 667771790?
True
Is 4805 a factor of 1453067998?
False
Is 148872056 a multiple of 55?
False
Does 1675 divide 21217750?
False
Is 2036 a factor of 259781283?
False
Is 102482620 a multiple of 33?
False
Does 150 divide 8829000?
True
Is 2358 a factor of 426838086?
True
Does 59 divide 810245466?
True
Is 136 a factor of 72311545?
False
Does 24 divide 6911250?
False
Is 99973497 a multiple of 36?
False
Is 265351860 a multiple of 180?
True
Is 345 a factor of 44620408?
False
Is 23 a factor of 1475218988?
True
Does 145 divide 1881765167?
False
Does 282 divide 303513498?
True
Does 4018 divide 24867402?
True
Is 3 a factor of 14761506?
True
Is 84 a factor of 148261596?
True
Does 10 divide 9454040?
True
Is 787 a factor of 99320628?
False
Is 4 a factor of 41395866?
False
Is 9 a factor of 85646173?
False
Does 50 divide 21398129?
False
Is 26 a factor of 5297721?
False
Does 13 divide 2766769189?
False
Does 66 divide 3324819300?
True
Is 178249943 a multiple of 70?
False
Does 24 divide 70516344?
True
Is 197272530 a multiple of 62?
True
Does 754 divide 97909162?
True
Is 4640571244 a multiple of 53?
True
Is 170 a factor of 2788607750?
True
Is 5 a factor of 242090475?
True
Is 35791281 a multiple of 27?
True
Is 1279 a factor of 18836712?
False
Is 3251 a factor of 49790534?
False
Does 8 divide 1905331131?
False
Is 466 a factor of 4634370?
True
Does 9 divide 14418677?
False
Is 127588369 a multiple of 49?
False
Is 8733 a factor of 67767762?
False
Is 47 a factor of 1708873?
True
Does 2851 divide 50471253?
True
Is 227 a factor of 2518613805?
True
Is 545 a factor of 463057070?
True
Is 546403316 a multiple of 4?
True
Does 802 divide 17966404?
True
Is 13 a factor of 147287166?
True
Is 23 a factor of 371013322?
True
Does 21 divide 475580279?
False
Is 381 a factor of 729234180?
False
Does 387 divide 288210123?
True
Is 1155 a factor of 1248570015?
True
Is 74522370 a multiple of 494?
True
Is 44 a factor of 154611620?
False
Is 9 a factor of 5625369?
True
Is 68329404 a multiple of 429?
True
Is 16 a factor of 379429842?
False
Is 172 a factor of 322271240?
True
Does 22 divide 3744223714?
True
Is 18001831 a multiple of 1279?
False
Is 38 a factor of 13551902?
True
Is 694 a factor of 152823474?
False
Is 57276115 a multiple of 13?
True
Does 22 divide 70400175?
False
Is 1065 a factor of 960576750?
True
Is 5348868 a multiple of 50?
False
Is 1127 a factor of 24890922?
True
Does 1637 divide 2416182534?
True
Is 2451 a factor of 135447136?
False
Does 13 divide 456799708?
False
Is 180816559 a multiple of 21?
False
Does 4676 divide 127240253?
False
Is 71 a factor of 24493154?
True
Is 204 a factor of 816407145?
False
Does 29 divide 9635778?
False
Does 44 divide 58644558?
False
Is 229422679 a multiple of 1237?
True
Is 1243 a factor of 2566396889?
False
Is 528 a factor of 7624320?
True
Does 19 divide 66027985?
False
Is 273 a factor of 18444153?
True
Is 23 a factor of 79551112?
True
Does 64 divide 209965376?
True
Is 57215489 a multiple of 7?
False
Does 42 divide 11099082?
False
Does 166 divide 10275732?
True
Is 6606722265 a multiple of 429?
True
Is 931 a factor of 545472980?
False
Is 110271350 a multiple of 13?
False
Is 32 a factor of 231590030?
False
Is 519594064 a multiple of 22?
True
Is 24 a factor of 1433219217?
False
Is 108280358 a multiple of 57?
False
Is 1982518859 a multiple of 41?
False
Does 365 divide 25483570?
True
Is 11286 a factor of 292747554?
True
Is 1277 a factor of 283299893?
False
Is 13 a factor of 148738116?
False
Does 50 divide 403512338?
False
Is 22406754 a multiple of 13?
False
Is 49491313 a multiple of 2929?
True
Does 1499 divide 371447109?
False
Does 4641 divide 279768762?
True
Does 82 divide 1354554783?
False
Does 2549 divide 86218991?
False
Does 148 divide 97635977?
False
Does 11 divide 1428263?
False
Does 80 divide 28841230?
False
Is 65 a factor of 158178215?
True
Is 84037813 a multiple of 129?
False
Is 902979048 a multiple of 178?
True
Is 37321279 a multiple of 6?
False
Is 26081554 a multiple of 233?
True
Does 314 divide 13327522?
False
Does 2123 divide 103838282?
False
Is 211 a factor of 846110?
True
Does 39 divide 4770790544?
False
Is 479 a factor of 11516557?
False
Does 39 divide 285405252?
False
Does 25 divide 14673850?
True
Is 475 a factor of 17974000?
True
Is 113652099 a multiple of 2753?
True
Does 957 divide 110699278?
False
Is 19467189 a multiple of 23?
False
Does 11 divide 560665738?
False
Is 2361 a factor of 553457944?
False
Does 1043 divide 656497?
False
Does 1300 divide 1549969662?
False
Is 8608 a factor of 1635210112?
True
Is 323464449 a multiple of 231?
True
Is 9929759 a multiple of 413?
True
Is 26 a factor of 17684732?
True
Does 9348 divide 1730997204?
True
Does 30 divide 10711740?
True
Does 4 divide 7895544?
True
Does 382 divide 8781416?
True
Is 287320565 a multiple of 133?
True
Does 50 divide 73047499?
False
Is 1416 a factor of 41386848?
True
Does 2601 divide 2071621071?
True
Does 16 divide 11184065?
False
Is 20 a factor of 400288398?